3
Let c(b) = -5*b**2 + 19*b + 122. Calculate c(-5).
-98
Let h(l) = -3*l**2 + 32*l - 213. Give h(8).
-149
Let g(v) = 72*v**2 + 46*v + 91. Calculate g(-2).
287
Let b(a) = 31*a - 285. Calculate b(9).
-6
Let v(l) = -9*l + 10. Determine v(-2).
28
Let c(l) = -l**2 - 35*l + 376. Give c(-47).
-188
Let t(z) = 4*z**2 - 10*z - 21. Calculate t(8).
155
Let j(u) = -u**2 - 1143*u - 4561. What is j(-4)?
-5
Let y(o) = -10*o - 252. What is y(-62)?
368
Let t(i) = 3*i**2 - 3*i + 3. Determine t(3).
21
Let p(a) = -56*a**2 + 539*a - 538. Give p(1).
-55
Let u(j) = -4*j**2. Calculate u(-1).
-4
Let n(g) = 6*g**2 - 299*g - 10. Give n(47).
-809
Let h(u) = 2*u + 78. Give h(15).
108
Let l(a) = 16*a - 18. Give l(10).
142
Let g(a) = -654*a + 5162. Determine g(8).
-70
Let q(v) = 48*v + 524. What is q(-12)?
-52
Let i(k) = -1084*k + 6500. Give i(6).
-4
Let i(f) = 116*f**2 + 225*f - 4. Give i(-2).
10
Let w(r) = -r**3 - 82*r**2 + 48*r + 3936. Give w(-82).
0
Let t(s) = -2*s**3 + 15*s**2 + 13*s - 59. Determine t(8).
-19
Let y(q) = -455*q**3 - q**2 + 12*q - 11. What is y(1)?
-455
Let a(p) = -p**3 - 41*p**2 - 39*p + 77. Give a(-40).
37
Let c(i) = -2*i**2 - 89*i + 799. Calculate c(8).
-41
Let i(a) = 46*a + 311. Give i(-15).
-379
Let z(h) = -56*h - 1. Determine z(1).
-57
Let u(n) = 816*n + 4862. Give u(-6).
-34
Let r(g) = 21500*g + 85996. Give r(-4).
-4
Let s(y) = -y**2 + 184*y - 1018. Determine s(6).
50
Let y(f) = 3*f**2 - 147*f - 144. Determine y(50).
6
Let b(h) = h**2 - 2*h - 2306. Determine b(-47).
-3
Let w(o) = 41*o + 19. Determine w(-2).
-63
Let b(q) = 13*q**3 + 8*q**2 - 12*q - 20. Determine b(-2).
-68
Let y(a) = -4*a**3 + 54*a**2 + 27*a + 38. Calculate y(13).
727
Let z(u) = -4*u**3 + 14*u**2 - 38*u - 18. Determine z(4).
-202
Let n(p) = -4*p**3 + 11*p**2 - 12*p - 2. Determine n(2).
-14
Let j(w) = -w**3 + 32*w**2 - 174*w - 15. What is j(7)?
-8
Let d(v) = -2*v**3 - 3*v**2 - 8. What is d(-3)?
19
Let i(y) = -y**2 + 1883*y + 13238. Determine i(-7).
8
Let i(a) = 3376*a - 3382. Give i(1).
-6
Let o(k) = -147*k - 331. Calculate o(-2).
-37
Let a(u) = 22*u**2 + 32*u - 162. Determine a(6).
822
Let p(x) = -1792*x + 12593. What is p(7)?
49
Let z(u) = -25*u - 15. Calculate z(-7).
160
Let u(g) = -g**3 - 18*g**2 - 38*g - 33. Calculate u(-16).
63
Let k(t) = 115*t + 13810. Give k(-120).
10
Let y(j) = -j**2 - 9*j + 85. Determine y(-9).
85
Let b(f) = 738*f - 3683. Give b(5).
7
Let o(k) = -4*k**2 + 21*k - 88. Calculate o(10).
-278
Let v(t) = 9*t**2 - 105*t - 45. Calculate v(12).
-9
Let t(w) = -1260*w + 69297. Calculate t(55).
-3
Let n(t) = t**2 + 27*t + 132. Determine n(-9).
-30
Let l(a) = -244*a - 12920. Determine l(-53).
12
Let f(x) = 54*x + 333. Calculate f(-5).
63
Let s(o) = o**2 + 19*o + 43. Calculate s(8).
259
Let z(a) = a**2 + 53*a + 604. Determine z(-40).
84
Let r(c) = 6*c + 162. Give r(-31).
-24
Let m(s) = -s**2 + 6*s + 346. Determine m(-16).
-6
Let v(a) = 350*a + 2476. Give v(-7).
26
Let x(o) = -o**3 - 7*o**2 - 24*o - 192. Calculate x(-7).
-24
Let o(t) = -t**3 - 7*t**2 + 7*t - 22. Give o(-8).
-14
Let o(z) = 34*z**2 + 674*z - 152. Calculate o(-20).
-32
Let s(i) = 5*i**3 + 42*i**2 + 79*i + 26. Give s(-6).
-16
Let p(i) = -i**3 - 159*i**2 - 952*i - 5204. Calculate p(-153).
-2
Let v(a) = -300*a**2 - 25*a - 2. Calculate v(-1).
-277
Let m(f) = 5*f**2 - 23*f - 200. Determine m(9).
-2
Let q(b) = 328*b - 1317. What is q(4)?
-5
Let g(u) = -u**3 - 7*u**2 + 115*u - 6. Calculate g(-15).
69
Let v(f) = -11*f**3 - 4*f**2 + 11*f - 12. Calculate v(-3).
216
Let h(g) = 2*g**3 + 46*g**2 + 48*g - 9. What is h(-22)?
-97
Let r(x) = -x**2 - 32*x - 206. Give r(-15).
49
Let k(x) = -2*x**2 - 108*x + 806. What is k(7)?
-48
Let p(m) = -m**2 - 7*m + 353. Give p(14).
59
Let d(o) = -38*o + 150. Give d(4).
-2
Let s(v) = -v**2 - 27*v + 37. Determine s(-8).
189
Let n(r) = -402*r + 1179. Calculate n(3).
-27
Let h(q) = -q**3 - 33*q**2 + 238*q + 148. Give h(-39).
-8
Let m(r) = 23*r - 305. Calculate m(11).
-52
Let j(t) = -t**3 - 79*t**2 + 319*t - 1015. What is j(-83)?
64
Let b(u) = -u**2 + 27*u - 107. Calculate b(25).
-57
Let z(g) = -g**3 + 47*g**2 - 172*g - 14. Determine z(43).
-14
Let j(m) = m**3 - 7*m**2 - 21*m + 39. Calculate j(11).
292
Let l(d) = -d**3 + 33*d**2 + 62*d - 3837. Give l(31).
7
Let l(i) = 20*i**2 + 34*i - 49. Determine l(-3).
29
Let i(z) = -3*z - 108. What is i(-6)?
-90
Let t(n) = n**3 + 66*n**2 + 188*n + 131. What is t(-63)?
194
Let c(j) = -528*j - 1727. Determine c(-4).
385
Let w(b) = 202*b + 51. Calculate w(0).
51
Let s(m) = m**3 - 11*m**2 + 19*m + 52. Calculate s(8).
12
Let j(p) = -693*p**3 - 2*p**2 + 9*p + 10. What is j(-1)?
692
Let x(y) = y**2 - 7*y - 556. Calculate x(27).
-16
Let p(i) = -108*i + 1187. Determine p(11).
-1
Let n(t) = 88*t + 531. Calculate n(-6).
3
Let g(h) = -h**3 - 16*h**2 + 14*h + 66. Calculate g(-17).
117
Let o(d) = 2*d**2 - 334*d + 9228. What is o(35)?
-12
Let t(c) = 9*c**2 - 84*c + 205. Calculate t(6).
25
Let l(p) = 43*p + 596. Calculate l(-10).
166
Let f(m) = 1056*m - 8444. Give f(8).
4
Let l(x) = -1265*x - 3836. Give l(-3).
-41
Let n(h) = 8*h**2 - 80*h + 34. What is n(10)?
34
Let q(p) = 275*p - 84686. Calculate q(308).
14
Let i(l) = -27*l**2 - 35*l - 124. Calculate i(-3).
-262
Let r(d) = 2*d**2 - 16*d - 139. Determine r(13).
-9
Let v(a) = -164*a - 30988. What is v(-189)?
8
Let q(z) = 2*z**2 + 299*z - 2419. Calculate q(-157).
-64
Let d(r) = r**3 + 55*r**2 + 2*r + 116. Give d(-55).
6
Let h(p) = 5*p**2 + 284*p + 212. What is h(-56)?
-12
Let z(v) = v**2 - 30*v + 139. Give z(24).
-5
Let t(c) = -c**3 - 28*c**2 - 27*c - 38. Determine t(-27).
-38
Let q(p) = 3*p**3 + 112*p**2 + 37*p - 28. Calculate q(-37).
-28
Let t(v) = v**2 - 571*v - 1726. Give t(-3).
-4
Let b(a) = -441*a + 4399. Determine b(10).
-11
Let t(p) = -53*p - 7479. Calculate t(-141).
-6
Let o(s) = s + 49. Calculate o(-41).
8
Let b(i) = i**2 + 13*i - 63. Determine b(4).
5
Let r(o) = -7*o - 210. What is r(-16)?
-98
Let y(a) = -627*a - 8809. Give y(-14).
-31
Let l(b) = b**2 + 283*b - 1169. Give l(4).
-21
Let r(b) = 55*b - 242. Calculate r(5).
33
Let u(g) = -2191*g - 24105. Give u(-11).
-4
Let u(k) = k**2 - 253*k - 509. Calculate u(-2).
1
Let x(u) = 2*u**3 - 6*u**2 + 10*u - 11. What is x(3)?
19
Let i(j) = 47*j**2 + 514*j - 53. Determine i(-11).
-20
Let u(h) = 4499*h - 26993. Calculate u(6).
1
Let d(h) = -h**3 - 21*h**2 - 39*h - 21. Give d(-19).
-2
Let x(r) = -15*r - 793. Give x(-54).
17
Let k(c) = c**3 - 275*c**2 - 129*c + 35476. Give k(275).
1
Let x(p) = -p**2 + 54*p - 76. Give x(14).
484
Let j(q) = -q**3 - 50*q**2 - 10*q - 636. Give j(-50).
-136
Let l(q) = 9*q + 204. What is l(-32)?
-84
Let y(f) = 5*f**2 - 45*f - 320. Give y(-6).
130
Let h(t) = 392*t - 2706. Calculate h(7).
38
Let o(i) = i**3 + 37*i**2 - 37*i - 37. What is o(-38)?
-75
Let t(j) = 13*j**2 + 58*j + 9. Calculate t(-3).
-48
Let z(d) = -142*d + 22. Give z(-2).
306
Let a(i) = -68*i + 439. Determine a(6).
31
Let j(a) = -80*a + 274. What is j(4)?
-46
Let f(x) = -x**2 + 47*x - 160. Give f(43).
12
Let s(x) = 8*x + 349. Determine s(-44).
-3
Let g(a) = -21*a**2 + 547*a - 1467. Give g(23).
5
Let l(b) = 2*b**3 - 19*b**2 + 14*b - 39. Calculate l(9).
6
Let x(p) = -56*p + 757. What is x(13)?
29
Let t(f) = 77*f + 14087. Determine t(-183).
-4
Let k(f) = -10*f**3 - 2*f**2 - 135*f - 134. Calculate k(-1).
9
Let p(m) = 1312*m + 13113. Determine p(-10).
-7
Let g(y) = 6*y**3 - 53*y**2 - 11*y + 5. Determine g(9).
-13
Let p(f) = f**2 - 24*f - 52. What is p(30)?
128
Let h(g) = 13*g**2 - 293*g + 290. Determine h(1).
10
Let f(u) = 4*u**3 + 6*u**2 + 3*u + 4. Determine f(-3).
-59
Let p(n) = -163*n**2 + 71*n - 68. What is p(1)?
-160
Let z(g) = -2*g**3 + 7*g**2 + 69. Determine z(6).
-111
Let p(v) = -5*v**3 + 26*v**2 - 2*v - 29. Calculate p(4).
59
Let m(c) = -c**2 + 143*c - 5084. Determine m(77).
-2
Let j(u) = -u**3 + 7*u**2 + 261*u - 623. What is j(19)?
4
Let m(a) = 22*a**2 - 101*a - 23. Give m(6).
163
Let m(b) = 258*b - 484. What is m(2)?
32
Let x(y) = 2*y**2 - 8*y - 13. Determine x(9).
77
Let c(j) = -2*j**2 + 187*j - 1127. Determine c(6).
-77
Let a(c) = -7791*c + 7815. Calculate a(1).
24
Let g(s) = s**2 - 55*s - 1707. Give g(-22).
-13
Let h(t) = -656*t - 653. Give h(-1).
3
Let l(y) = -y**3 - 4*y**2 + 84*y + 423. Calculate l(-6).
-9
Let u(g) = -1035*g - 14427. Determine u(-14).
63
Let y(t) = t**2